
What is 5d624 (base 16) in base 15?
78500
Convert 4120201434 (base 5) to base 6.
455150513
828c7 (base 15) to base 14
aaac9
Convert -2050854 (base 9) to base 4.
-10023223000
Convert -115402540 (base 6) to base 5.
-1032141242
31517 (base 12) to base 2
1111110010100011
10020031433 (base 5) to base 15
d10698
225435 (base 10) to base 6
4455403
-11112220011 (base 3) to base 5
-10331330
123230110132 (base 4) to base 15
985e17
Convert -1011100010010000 (base 2) to base 13.
-18676
-2201122022122 (base 3) to base 4
-11201320031
Convert -1744fa (base 16) to base 6.
-52404042
-10a52 (base 14) to base 9
-61432
-e1dd (base 16) to base 4
-32013131
134440224 (base 5) to base 3
1022200201220
What is 6770 (base 11) in base 10?
8910
14224344 (base 5) to base 13
52904
What is 1214128 (base 9) in base 15?
d0468
Convert -11223313101 (base 4) to base 10.
-1490385
1031203110 (base 4) to base 16
4d8d4
Convert 7d1a4 (base 15) to base 6.
12313301
What is 210211111011 (base 3) in base 14?
b2876
-44524034 (base 6) to base 7
-14315101
What is -451c6 (base 14) in base 5?
-20332004
What is 1461012 (base 7) in base 11?
126a97
Convert 21317517 (base 8) to base 3.
22120210221101
282da (base 15) to base 5
13111110
-1251615 (base 7) to base 13
-597c0
11867873 (base 9) to base 16
58fd31
What is 7dcad (base 15) in base 8?
1417331
Convert 11102220111 (base 3) to base 13.
30a30
What is 112465512 (base 7) in base 6?
404013553
Convert -110202133 (base 4) to base 9.
-137354
-b59ce (base 16) to base 8
-2654716
What is 21632806 (base 9) in base 2?
100111111100111111111100
Convert 4177210 (base 8) to base 10.
1113736
Convert 103aaa0 (base 11) to base 14.
358d46
ab8da (base 14) to base 2
1100101100101101000
-a94099 (base 11) to base 16
-1aaaff
5316436 (base 7) to base 8
2350424
What is -97cd3 (base 14) in base 8?
-1315601
18733 (base 14) to base 15
13490
Convert -5b97 (base 14) to base 12.
-9321
50111 (base 7) to base 5
341222
-515c3d (base 15) to base 9
-7243634
What is 59a (base 15) in base 13?
769
Convert 14e6da (base 16) to base 9.
2517030
What is 1011010001111010010000 (base 2) in base 12?
ba7240
Convert 466642 (base 8) to base 14.
41dd0
Convert 6a9335 (base 14) to base 12.
1274503
Convert 1111030031 (base 4) to base 10.
348941
1012672 (base 10) to base 5
224401142
-59c71 (base 16) to base 6
-11514241
What is -5630516 (base 9) in base 11?
-1790762
Convert -64b18 (base 14) to base 4.
-323133002
Convert -12300312 (base 4) to base 8.
-66066
594a8 (base 12) to base 5
12314221
What is 123620211 (base 7) in base 8?
36014170
Convert -16b21b (base 14) to base 2.
-11000011000011001001
111121221000 (base 3) to base 8
1013672
What is 2b1d2 (base 16) in base 13?
624c2
Convert 7d97dd (base 14) to base 6.
231543051
-1345511 (base 9) to base 16
-b464c
Convert 1911230 (base 10) to base 5.
442124410
212085 (base 11) to base 15
6a8d3
Convert 310313221 (base 4) to base 14.
58cc1
What is -44732 (base 13) in base 2?
-11110010101100000
Convert 1010101101001011111 (base 2) to base 12.
14b027
What is -1010101111001101 (base 2) in base 14?
-12057
-1330113 (base 5) to base 3
-1100220121
486500 (base 9) to base 8
1075127
-76c37 (base 14) to base 6
-10100145
-221311202022 (base 4) to base 7
-162135165
4320441 (base 5) to base 12
3647a
What is -181922 (base 10) in base 5?
-21310142
Convert -51223e (base 15) to base 10.
-3854759
16b748 (base 14) to base 10
799940
What is -40754 (base 9) in base 7?
-141211
What is 10007c (base 14) in base 12?
21b37a
100110112100001 (base 3) to base 14
94cd43
Convert 1c44b (base 16) to base 6.
2252015
134420312 (base 5) to base 15
dcc07
-70868 (base 15) to base 14
-93ba1
Convert -230132121 (base 4) to base 12.
-89509
-30303313 (base 4) to base 14
-1519d
What is -c35b3 (base 15) in base 4?
-2113012212
-aeea (base 16) to base 9
-67373
Convert -201003301221 (base 4) to base 10.
-8666217
What is 911476 (base 11) in base 10?
1465998
What is 10101011000000111 (base 2) in base 4?
111120013
Convert 10100111011011100011 (base 2) to base 10.
685795
159094 (base 13) to base 8
2022750
What is 831663 (base 9) in base 8?
1703443
Convert -1435550 (base 6) to base 12.
-3bbb6
Convert 59962 (base 16) to base 14.
97a26
What is -360500 (base 9) in base 2?
-110100111101010110
-333101213 (base 5) to base 6
-51114425
What is 6062 (base 16) in base 12?
12342
What is -576064 (base 12) in base 3?
-2122010002211
Convert -1578c5 (base 13) to base 8.
-2015056
315bd4 (base 15) to base 16
23d50b
What is 4a57c (base 15) in base 7?
2006253
What is -1dd46 (base 14) in base 5?
-4423243
What is -437832 (base 10) in base 7?
-3502323
What is -100101110101111100 (base 2) in base 4?
-211311330
What is -131213200 (base 4) in base 8?
-354740
Convert -1026225 (base 10) to base 6.
-33555013
-67b4a (base 14) to base 4
-331200112
Convert -609c3 (base 13) to base 8.
-521766
1300255 (base 6) to base 5
4220331
What is 2022122121211 (base 3) in base 4?
10231010221
What is -1232a4 (base 14) in base 10?
-623424
12004334 (base 5) to base 14
2c10d
244235 (base 7) to base 13
17477
What is -3240442103 (base 5) in base 11?
-3a2a512
1102102313 (base 4) to base 16
524b7
What is -13c6a05 (base 15) in base 2?
-110110100010111010000011
What is 500405 (base 6) in base 3?
1222112112
-4275172 (base 8) to base 5
-243123331
What is 91c15 (base 16) in base 8?
2216025
What is -537074 (base 8) in base 14?
-4972c
-254c1 (base 13) to base 11
-47883
Convert 2154545 (base 6) to base 14.
2b841
What is 113121 (base 10) in base 4?
123213201
404a (base 15) to base 12
7a2a
6240a (base 11) to base 9
147743
What is -17971 (base 11) in base 2?
-110001000100101
Convert 145312143 (base 6) to base 5.
1240322014
Convert -1259729 (base 10) to base 4.
-10303203101
-3203414132 (base 5) to base 13
-15081b5
What is -566212 (base 7) in base 15?
-1ec21
4067151 (base 12) to base 4
232011120031
Convert 21554 (base 9) to base 16.
37e1
-5c60a5 (base 14) to base 6
-151512425
What is 532303 (base 7) in base 6?
1550134
What is -16a9d (base 14) in base 8?
-157223
What is -7123317 (base 8) in base 14?
-36c423
Convert -193ae8 (base 15) to base 7.
-13301663
Convert 2451445 (base 8) to base 11.
422412
Convert -659931a (base 11) to base 8.
-54126601
Convert 221200211220 (base 3) to base 13.
1492cb
Convert -3a1111 (base 11) to base 16.
-9a0f3
What is 201022120222211 (base 3) in base 4?
213022132012
What is -2738 (base 12) in base 8?
-10634
Convert 11010011111000110100101 (base 2) to base 16.
69f1a5
Convert -11010001111110 (base 2) to base 6.
-142114
Convert 22a9d (base 16) to base 6.
3013153
What is -231011223233 (base 4) in base 5?
-11011213014
Convert -37317 (base 12) to base 3.
-10210112201
Convert 3054376 (base 12) to base 5.
4310202231
-1010000111101000010101 (base 2) to base 12
-a7b159
Convert -3077532 (base 8) to base 3.
-1112121111121
10101020 (base 3) to base 4
212133
81430 (base 14) to base 3
120210110202
Convert 102271a (base 11) to base 15.
259968
Convert 76b6 (base 14) to base 15.
6149
26616434 (base 7) to base 13
681047
What is -723c4 (base 16) in base 6?
-14010124
What is 110001001010010001 (base 2) in base 7?
1466026
What is -111101111011101111010011 (base 2) in base 11?
-9189a53
Convert a1e7 (base 15) to base 6.
422144
Convert 21021020112 (base 3) to base 10.
143060
Convert 3536646 (base 7) to base 5.
103242241
223101221 (base 5) to base 10
987686
Convert -2ada6 (base 14) to base 6.
-2143114
What is 3aa0320 (base 11) in base 3?
111022021221111
Convert -11102210022 (base 3) to base 13.
-30995
Convert -41206160 (base 7) to base 16.
-349b20
-760620 (base 8) to base 5
-31114402
211232300 (base 4) to base 12
75528
Convert -741773 (base 8) to base 2.
-111100001111111011
Convert 102221202021 (base 3) to base 11.
150856
Convert 10100101101101101 (base 2) to base 13.
2c807
-44402101 (base 5) to base 12
-1684a8
-279268 (base 10) to base 7
-2242123
Convert 2363412 (base 7) to base 15.
5e459
Convert -3f5c45 (base 16) to base 15.
-57050e
Convert 2221311330 (base 4) to base 7.
5625132
What is 4243233 (base 6) in base 5?
23124401
What is -21021111121000 (base 3) in base 7?
-44606214
Convert -644576 (base 9) to base 15.
-78b53
Convert 11464422 (base 7) to base 3.
1221001020010
What is 1224201 (base 5) in base 16?
5c7c
What is -20e0dd (base 15) in base 8?
-5763000
83697 (base 10) t